ided by j(-1)?
15
Let b(x) = 7*x + 14. Let q(z) = -z. Let n(o) = b(o) + 6*q(o). Calculate the remainder when n(-8) is divided by 2.
0
Let v = 77 + -56. What is the remainder when 104 is divided by v?
20
Suppose -6*y = -3*y. Let i(j) = 2*j**2 + 8. What is the remainder when 22 is divided by i(y)?
6
Let g = 208 - 203. Calculate the remainder when (-122)/(-18) + (-2)/(-9) is divided by g.
2
Let y be (-3 - (-1 - 2)) + 1. Calculate the remainder when 81 is divided by y/(-1*(-2)/42).
18
Suppose 2*i = -0*i + 2*k + 20, 0 = 5*i - 3*k - 46. Calculate the remainder when 1/(5/(-10)) - -25 is divided by i.
7
Let l be 18/8 - (-1)/(-4). Suppose 4*j - 19 = -l*z + 1, -3*z = j - 10. What is the remainder when 5 is divided by z?
1
Let v(g) = -10*g**3. Let x be v(1). Let z = x - -15. Suppose 4*s = -z*a + 66, 3*s + 46 = 5*a - 27. What is the remainder when 26 is divided by a?
12
Suppose -6 = -3*w, -8*q - 2*w + 46 = -5*q. What is the remainder when 53 is divided by q?
11
Let p(g) = -2 + 9 - 3 - 2*g. Suppose m = 1 + 10. What is the remainder when p(-8) is divided by m?
9
Let p(x) = x. Let w(t) = -9*t + 32. Let y(f) = p(f) - w(f). Let q(s) = 7*s - 21. Let a(m) = 8*q(m) - 5*y(m). What is the remainder when a(6) is divided by 10?
8
Suppose -3*r + 4*v + 86 = 0, -r + 5*v + 17 = -19. Suppose 3*j - t = 44, 2*j - 3*t - 50 = -16. What is the remainder when r is divided by j?
12
Let o = 17 + -2. What is the remainder when 4/(-10)*90/48*-76 is divided by o?
12
Suppose h = -4, -3*d - 4 - 2 = 3*h. Let t be d/3 - (-14)/(-3). Calculate the remainder when t/(-10) + 366/10 is divided by 13.
11
Let l(o) = -o**3 - 4*o**2 - 2*o - 5. Let k be l(-4). Suppose -k*w + 5*w = 42. Calculate the remainder when 81 is divided by w.
18
Let z = 7 - 1. Let j(b) = b + 6. What is the remainder when 0/(-6) + 1*34 is divided by j(z)?
10
Suppose -13 + 4 = -p. Suppose 0*g - 3*g = -p. What is the remainder when 3 is divided by g?
0
Suppose 13 + 0 = v. What is the remainder when 37 is divided by v?
11
Let k = 63 - 53. What is the remainder when (-2)/(-1 - 0) - -35 is divided by k?
7
Let v(a) = a**2 + 3*a + 1. Let l be v(-4). Let j(f) = -f**3 + 6*f**2 - 3*f - 4. What is the remainder when 11 is divided by j(l)?
5
Let x be 2/(-12) - (-70478)/12. What is the remainder when (-4)/18 - x/(-63) is divided by 19?
17
Let z(d) = 2*d**3 - d**2 + 2*d + 5. What is the remainder when z(3) is divided by 30?
26
Suppose 0*s - 4*s = -96. Suppose m - 3*c = -15, -2*m - 1 - s = -5*c. Let j = m - -11. Calculate the remainder when 31 is divided by j.
9
Let y(i) = -2*i - 8. Let t be y(-6). Let o(f) be the second derivative of 5*f**3/6 - 5*f**2/2 - f. Calculate the remainder when o(t) is divided by 9.
6
Let g(z) = 3*z**3 - 4*z**3 - 10*z**2 - z**3 + 3*z**3 + 4. Calculate the remainder when g(10) is divided by 3.
1
Let k = 34 - 19. Suppose -3*d - 2*d = -k. Suppose 4*o = 5*b + 2, 5*o - 28 = -d*b - 7. Calculate the remainder when 4 is divided by b.
0
Let s(u) = u**2 + 4*u - 8. Calculate the remainder when s(-9) is divided by 10.
7
Suppose 11*f - 9*f - 124 = 0. What is the remainder when 119 is divided by f?
57
Let z(h) = -12*h + 8. Let x be z(-8). Suppose 5*u + 34 = x. What is the remainder when 26 is divided by u?
12
Let g(c) = -c + 10. Let h be g(7). Let b = 4 - h. What is the remainder when 2 is divided by b?
0
Let x(z) = 4*z - 1. Let w be (-33)/(-4) - 1/4. Let a = w - 4. Calculate the remainder when x(3) is divided by a.
3
What is the remainder when (3/(-1))/((-7)/49) is divided by 6?
3
Let q = 13 - 6. Calculate the remainder when 1 + 11 + 8 + -8 is divided by q.
5
Suppose -u + 3 = -16. Calculate the remainder when 55 is divided by u.
17
Let j = -2 + 43. Suppose -5*q + j + 44 = 0. Suppose 17 = a - 2*z, 0*a - 5*z + 16 = 4*a. Calculate the remainder when q is divided by a.
8
Suppose 5*y - 3*z = -90 + 323, 0 = -3*y + z + 143. Calculate the remainder when 144 is divided by y.
46
Let z(n) = -n - 12. Let s(q) = q. Let l(r) = -s(r) + z(r). Calculate the remainder when 34 is divided by l(-12).
10
Suppose -n = 2*d - 23, 8 = -d - 4*n + 23. Calculate the remainder when d is divided by 7.
4
Suppose 2*l + 6 = -2*w, 8 = 2*l - 5*w - 21. Let y = 4 - l. Calculate the remainder when (-3)/((-14)/21 + 2/(-6)) is divided by y.
1
Suppose 0 = 218*n - 213*n - 185. Calculate the remainder when n is divided by 12.
1
Suppose 0 = -4*s + 24 + 8. Calculate the remainder when 11 is divided by s.
3
Suppose -456 = -5*b + 19. Calculate the remainder when b is divided by 24.
23
Suppose 0*k = -4*k + 28. Suppose 2*c = 15 - k. Calculate the remainder when 7 is divided by (-1)/c + (-17)/(-4).
3
Suppose 5*a - 366 = 2*f, 4*f + 214 = 3*a - 0*f. What is the remainder when a is divided by 1/(0 - -2)*38?
17
Let s be 3/(-6) + 18/4. Let m(f) = f**3 - 4*f**2 + 7*f - 4. Calculate the remainder when m(s) is divided by (3/(-2) - -2)*18.
6
Suppose 188 = 4*n - 0*i + i, 180 = 4*n + 3*i. Let z be 18/4*n/18. Suppose -7*v = -5*v - z. Calculate the remainder when 22 is divided by v.
4
What is the remainder when 2/24*3 - (-214)/8 is divided by 4?
3
Let q(t) = -t**3 - 9*t**2 - 10*t + 9. Let v(u) = -u**2 + 7*u - 8. Let r be v(7). What is the remainder when q(r) is divided by ((-4)/(-6))/((-2)/(-39))?
12
Let x be 2*(-243)/(-6) + 3. Let g = x - 49. Calculate the remainder when g is divided by 18.
17
Let t = 24 + 33. Suppose -p - 3*p = -60. Calculate the remainder when t is divided by p.
12
Suppose l + 31 = 2*l. Suppose -5*p = 32 - 112. Calculate the remainder when l is divided by p.
15
Suppose 5*z + 2*w + 2*w = 80, 3*w = -z + 27. Suppose -3 = -3*s, 3*s + 49 = -b + 3*b. What is the remainder when 4/b + 1359/39 is divided by z?
11
Suppose 11*d - 136 = 9*d. Calculate the remainder when d is divided by 23.
22
Suppose -6 = 5*g + 4. Calculate the remainder when 14 is divided by 1*g - 14/(-2).
4
Let c = 5 + -1. Let v = c + -2. What is the remainder when 3 is divided by v?
1
Let g = 34 + -22. Calculate the remainder when 47 is divided by g.
11
Let r(f) = 2*f + 1. Suppose -7 - 3 = -5*q. Calculate the remainder when 14 is divided by r(q).
4
Let y(k) = 2*k**2 + 8*k - 10. Calculate the remainder when 96 is divided by y(-6).
12
Suppose 24 - 71 = -x. Suppose 3*j + 0*d - 39 = -3*d, -5*d = -3*j + 63. Calculate the remainder when x is divided by j.
15
Suppose -26 = -3*z - 11. Calculate the remainder when z is divided by 4.
1
Suppose 0*g = -2*g + 52. Calculate the remainder when 76 is divided by g.
24
Let k(f) = 2*f**2 + 5*f + 2. Let w(a) = -3*a**2 - 14*a - 4. What is the remainder when k(-4) is divided by w(-4)?
2
Suppose m = 6*m - 950. Suppose -m = -3*a - 2*a. Let z(k) = -k**2 + 17*k - 40. Calculate the remainder when a is divided by z(12).
18
Suppose -4*y = 2*p - 74, -5*y + 34 + 36 = -5*p. Suppose 0 = -q + y. What is the remainder when q is divided by 7 - (4/2)/(-1)?
8
Let q(c) = 4 + 0*c - c**3 - 2*c**2 - 5*c - 3*c**2. Suppose 5*s - 8 = 7*s. What is the remainder when 29 is divided by q(s)?
5
Suppose -7*w = 1358 - 1561. Suppose 5 = -3*q + 14. Suppose h + f - 2*f - 10 = 0, -q*f + 26 = 4*h. What is the remainder when w is divided by h?
5
Let s = 12 + -5. Calculate the remainder when s is divided by 5.
2
Let c = 43 - 29. Suppose 2*f + 0*f = 2. What is the remainder when 242/6 - f/3 is divided by c?
12
Let r = 10 + -6. Let s = -8 - -18. Calculate the remainder when 2/s - 68/(-10) is divided by r.
3
Calculate the remainder when 20 is divided by (-6)/(((-105)/20)/7).
4
Let l(m) = -m**2 - 9*m + 5. Let s(v) = -14*v + 3. Calculate the remainder when s(-5) is divided by l(-5).
23
Let k(l) = l**2 - 9*l + 11. Let q be k(8). What is the remainder when -2 + q/(-6)*-38 is divided by 10?
7
Let j(n) = -11*n**3 - n**2 - 2*n - 1. Let f be j(-1). Let x(z) = 3*z - 26. Calculate the remainder when x(f) is divided by 3.
1
Let b = -5 + 7. Suppose 2 = w, -b*z - 4 = 2*w - 44. What is the remainder when z is divided by 7?
4
Suppose -4*h = -76 - 208. Suppose l - a - 27 = 0, l + 2*a = -2*l + h. What is the remainder when l is divided by 9?
7
Let s = -6 - -14. Suppose w = -w. Suppose -4*q + 20 = -w*q. What is the remainder when s is divided by q?
3
Let n(p) = -67*p - 18. Calculate the remainder when n(-4) is divided by 36.
34
Let p = 11 + -19. Let t(q) = -q**3 - 8*q**2 + q + 2. Let j be t(p). Let h(i) = i + 9. What is the remainder 